 -133*w + 5463. What is z(41)?
10
Let p(c) = -c**3 + 58*c**2 + 122*c - 115. What is p(60)?
5
Let g(i) = 3*i**2 - 25*i - 47. Give g(10).
3
Let n(b) = -b**3 + 11*b**2 - 5*b - 18. What is n(10)?
32
Let m(z) = 41*z + 155. Determine m(-6).
-91
Let w(g) = -8*g**3 - 5*g**2 - 3*g - 3. Calculate w(-2).
47
Let x(r) = -895*r + 104717. Give x(117).
2
Let u(o) = -1369*o - 10941. What is u(-8)?
11
Let q(g) = -g**3 + 15*g**2 + 69*g + 160. Determine q(19).
27
Let x(z) = 6*z**2 + 60*z - 63. Give x(-11).
3
Let m(k) = k**3 + 102*k**2 - 649*k + 30. What is m(-108)?
138
Let c(d) = -539*d - 9168. Determine c(-17).
-5
Let r(s) = -9*s**2 - 43*s - 127. Determine r(-6).
-193
Let w(s) = -6*s**2 - 54*s - 6. Calculate w(-7).
78
Let u(p) = -p + 88. Give u(8).
80
Let h(l) = 7*l**2 - 514*l + 1684. Calculate h(70).
4
Let u(f) = f**2 + 78*f - 733. Calculate u(9).
50
Let j(u) = -u**3 + 72*u**2 + 662*u + 151. Determine j(-8).
-25
Let t(c) = -54*c + 617. Give t(8).
185
Let i(x) = -2*x - 88. Calculate i(-49).
10
Let r(g) = -5416*g - 27081. Determine r(-5).
-1
Let m(c) = -3*c**3 - 14*c**2 - 3*c - 13. Calculate m(-3).
-49
Let v(y) = 162*y - 3431. Give v(21).
-29
Let z(n) = 3*n**3 + 14*n**2 - 3*n - 10. Calculate z(-6).
-136
Let m(y) = y**2 + 726*y - 2920. Determine m(4).
0
Let q(y) = -y**3 - 190*y**2 + 4898*y - 236. What is q(-213)?
-23
Let a(f) = f**3 - 10*f**2 - 10*f + 11. Determine a(10).
-89
Let x(u) = u - 64. Determine x(8).
-56
Let l(i) = 2*i**3 + 23*i**2 - 50*i - 3. Give l(2).
5
Let t(m) = -m**2 - 102*m - 2075. Determine t(-25).
-150
Let h(y) = -803*y - 5546. Give h(-7).
75
Let o(w) = -w**3 + 12*w**2 - 27*w - 13. Give o(5).
27
Let c(t) = 26*t - 1147. Give c(42).
-55
Let o(i) = -i**3 - 48*i**2 + i + 67. Calculate o(-48).
19
Let s(w) = w**3 - 290*w**2 - 879*w + 10. Determine s(-3).
10
Let j(t) = -t**2 - 220*t - 3993. Determine j(-20).
7
Let y(q) = q**2 + 28*q + 44. Give y(-25).
-31
Let n(w) = -367*w + 15404. Calculate n(42).
-10
Let q(r) = -9*r**2 - 2179*r - 2177. Determine q(-1).
-7
Let n(q) = q**2 - 28*q + 16. Give n(20).
-144
Let v(q) = q**2 - 72*q + 1432. Give v(37).
137
Let j(m) = m**3 + 3*m**2 - 95*m + 64. Give j(-12).
-92
Let c(f) = 4*f + 32. Determine c(5).
52
Let s(k) = -36*k + 1310. What is s(36)?
14
Let n(k) = 2*k**2 + 77*k + 102. Determine n(-37).
-9
Let s(t) = 3*t**3 - 63*t**2 - 488*t + 1. What is s(-6)?
13
Let m(t) = t**3 + 73*t**2 - 227*t + 70. Calculate m(-76).
-6
Let b(f) = 3*f**3 - 163*f**2 + 327*f - 12. Give b(2).
14
Let v(z) = 21*z**2 - 587*z - 12. Calculate v(28).
16
Let d(j) = j**3 + 2*j**2 - 19*j - 81. Calculate d(-5).
-61
Let i(a) = 13*a - 38. Determine i(5).
27
Let l(o) = 384*o + 142. Calculate l(0).
142
Let a(t) = -854*t - 3412. Determine a(-4).
4
Let r(u) = 2*u**2 - 6*u + 114. Give r(12).
330
Let p(a) = a**2 + 47*a - 376. Calculate p(7).
2
Let t(h) = -110*h - 2751. What is t(-25)?
-1
Let b(p) = 34*p - 236. Determine b(6).
-32
Let w(k) = -5*k**2 + 232*k - 2398. Give w(31).
-11
Let t(w) = 5*w**2 - 250*w + 919. Calculate t(46).
-1
Let y(k) = -k**3 + 3*k**2 - 7*k + 1. What is y(1)?
-4
Let x(p) = 9*p + 448. Calculate x(-54).
-38
Let s(g) = 33*g + 2. Calculate s(0).
2
Let j(b) = -2*b**3 - 65*b**2 - 27*b + 32. Determine j(-32).
-128
Let q(s) = s**3 + 56*s**2 - 117*s - 26. Give q(-58).
32
Let b(c) = -85*c**2 - 10*c + 9. Determine b(1).
-86
Let m(b) = 104*b - 412. Determine m(4).
4
Let y(i) = 2*i**2 - 59*i + 280. What is y(6)?
-2
Let j(p) = -p**3 + 20*p**2 + 164*p - 214. What is j(26)?
-6
Let r(g) = g**2 + 11*g - 27. Give r(8).
125
Let a(l) = -74*l + 21. Calculate a(-3).
243
Let r(h) = h**3 - 13*h**2 - 2*h + 141. Determine r(10).
-179
Let f(k) = k**3 - 10*k**2 + 3*k + 91. Calculate f(8).
-13
Let s(i) = i**3 + 71*i**2 - 384*i - 17356. Give s(-73).
18
Let y(b) = b**2 - 18*b - 4821. Give y(-61).
-2
Let h(y) = -5*y**2 + 89*y - 256. What is h(14)?
10
Let n(y) = -y**2 + 30*y - 23. What is n(10)?
177
Let t(f) = -3*f**3 - f**2 + 17*f - 13. Calculate t(2).
-7
Let y(h) = 9*h**2 - 34*h + 160. What is y(6)?
280
Let t(w) = -4*w**2 + 56*w - 2. Calculate t(14).
-2
Let o(v) = 2*v**2 - 33*v - 77. Calculate o(-2).
-3
Let n(p) = p**3 - 22*p**2 + 82*p + 167. Give n(15).
-178
Let t(h) = 99*h**2 - 668*h - 14. Give t(7).
161
Let f(r) = -41249*r + 41251. Calculate f(1).
2
Let a(p) = -83*p - 590. Determine a(0).
-590
Let l(k) = -k**3 + 3*k**2 - 5*k + 2. Determine l(2).
-4
Let n(d) = 6*d**2 + d + 26. What is n(7)?
327
Let o(j) = -j**3 - 69*j**2 + 131*j - 784. Determine o(-71).
-3
Let z(q) = -698*q + 4199. Give z(6).
11
Let t(m) = m**3 + 209*m**2 + 7381*m + 62. Determine t(-45).
17
Let s(d) = -d**3 - 21*d**2 + 11*d - 196. Calculate s(-21).
-427
Let s(u) = u**2 + 87*u + 834. Determine s(-70).
-356
Let t(m) = -m**3 + 3*m**2 + 14*m + 24. Determine t(6).
0
Let s(r) = -2*r**2 + 41*r - 38. Determine s(19).
19
Let k(w) = 2*w**2 + 6*w - 176. Give k(-9).
-68
Let q(m) = -m**3 - 27*m**2 - 74*m + 160. What is q(-23)?
-254
Let x(f) = f**2 - 13*f + 49. Give x(10).
19
Let c(z) = -z**3 + 4*z**2 + z - 2. What is c(3)?
10
Let n(z) = -2*z**2 - 38*z. Give n(-18).
36
Let p(f) = f**3 - 14*f**2 - 129*f - 186. What is p(-5)?
-16
Let y(b) = -3*b**2 - 17*b + 34. What is y(-9)?
-56
Let m(g) = -2*g**2 + 51*g - 86. Determine m(23).
29
Let w(q) = -2*q**3 + 30*q**2 - 11*q + 2. What is w(14)?
240
Let c(t) = 3*t**3 - 13*t**2 + 16*t + 10. Calculate c(3).
22
Let f(o) = -o**2 + 59*o + 366. What is f(50)?
816
Let d(p) = -p**2 - 57*p + 1565. Give d(-78).
-73
Let w(t) = t**2 - 17*t - 9. Determine w(8).
-81
Let w(r) = 19*r**2 + 50*r - 5. Determine w(-3).
16
Let j(q) = -92*q - 296. What is j(-12)?
808
Let k(w) = -3*w**2 - 917*w + 3695. Determine k(4).
-21
Let b(a) = -7*a**2 + 317*a - 3207. Determine b(30).
3
Let f(y) = -36*y - 52. Give f(-10).
308
Let d(v) = 385*v + 2325. What is d(-6)?
15
Let q(g) = -1282*g**3 + g**2 + 17*g + 15. What is q(-1)?
1281
Let g(c) = -13*c**2 - 33*c + 37. What is g(-6)?
-233
Let f(m) = -6*m - 196. Calculate f(-31).
-10
Let n(c) = 4*c**3 + 49*c**2 + 5*c - 62. Determine n(-12).
22
Let i(y) = -133*y - 256. What is i(-2)?
10
Let z(a) = 10*a**2 + 64*a - 4. What is z(-6)?
-28
Let s(q) = -9*q**2 + 11*q + 1. Calculate s(2).
-13
Let l(d) = -3*d + 202. Calculate l(41).
79
Let d(v) = 4*v - 12. Give d(9).
24
Let k(s) = -s**2 - 60*s - 890. Calculate k(-33).
1
Let i(w) = 8*w - 182. Calculate i(23).
2
Let h(i) = 3*i**2 + 41*i - 18. What is h(-14)?
-4
Let y(u) = -66*u - 586. Give y(-10).
74
Let z(x) = 7273*x + 43632. Give z(-6).
-6
Let s(i) = -2*i**3 - 4*i**2 - 7*i - 5. Calculate s(-2).
9
Let m(a) = -44*a + 1140. Give m(26).
-4
Let d(j) = -j**2 - 44*j - 386. Give d(-12).
-2
Let o(w) = 108*w**3 - w**2 + 13*w + 14. Calculate o(-1).
-108
Let n(j) = -9*j**3 - 39*j - 38. Calculate n(-1).
10
Let i(k) = 5*k**2 - 12*k + 4. Determine i(-4).
132
Let h(y) = -y**3 + 11*y**2 - 11*y + 14. Determine h(11).
-107
Let t(c) = -66*c + 1596. Calculate t(24).
12
Let q(i) = i**2 - 540*i + 63091. What is q(171)?
-8
Let v(z) = 37*z**3 - 7*z**2 - 5*z + 1. Determine v(-1).
-38
Let j(o) = 2*o**3 - 172*o**2 - o + 107. What is j(86)?
21
Let q(n) = -36*n + 624. What is q(12)?
192
Let s(q) = -q**2 + 11*q - 148. Determine s(12).
-160
Let a(s) = -s**2 - 324*s + 2659. Determine a(8).
3
Let j(a) = -104*a - 5302. What is j(-51)?
2
Let t(d) = d**3 - 5*d**2 - d + 9. Determine t(-2).
-17
Let k(d) = 2*d**3 - 49*d**2 + 27*d - 66. Give k(24).
6
Let y(h) = -9*h**2 - 380*h - 56. Determine y(-42).
28
Let x(c) = -c**2 + 8*c + 2911. Determine x(-50).
11
Let z(k) = -k**2 + 62*k - 641. Calculate z(49).
-4
Let s(j) = -92*j - 101. Determine s(3).
-377
Let x(a) = 9*a**2 - 13*a + 42. Determine x(6).
288
Let m(o) = 23*o**2 + 22*o. What is m(-3)?
141
Let t(u) = 68*u**3 - 2*u**2 + 11*u - 11. Give t(1).
66
Let l(r) = -r**3 - 61*r**2 - 63*r - 166. Determine l(-60).
14
Let a(c) = 2*c**2 + 70*c + 8. Determine a(-39).
320
Let n(s) = -93*s + 267. What is n(4)?
-105
Let q(j) = 6*j - 145. Give q(10).
-85
Let f(y) = -8*y - 21. Calculate f(-1).
-13
Let d(b) = 8*b**3 + 2*b**2 - 8*b + 18. Calculate d(2).
74
Let r(p) = 7*p**3 - 19*p**2 + 4*p - 6. Give r(-4).
-774
Let q(v) = -2*v**3 - 7*v**2 - 15*v - 25. Give q(-3).
11
Let j(f) = -48*f + 44. Calculate j(7).
-292
Let a(g) = g**3 - 7*g**2 - 131*g + 541. What is a(4)?
-31
Let d(m) = 13*m**3 + 4*m**2 - 7. Give d(-3).
-322
Let k(h) = -